{"id":17,"date":"2016-04-17T23:00:05","date_gmt":"2016-04-18T02:00:05","guid":{"rendered":"http:\/\/farelinho.com.br\/?page_id=17"},"modified":"2016-04-18T00:22:55","modified_gmt":"2016-04-18T03:22:55","slug":"nossa-frota","status":"publish","type":"page","link":"https:\/\/farelinho.com.br\/index.php\/nossa-frota\/","title":{"rendered":"Nossa Frota"},"content":{"rendered":"<p class=\"p1\"><span class=\"s1\"><b>Translord Transportes<\/b><\/span><\/p>\n<p class=\"p3\"><span class=\"s1\">Atuando no mercado log\u00edstico desde 1987, a Translord Transportes \u00e9 uma empresa nacional que atua na regi\u00e3o sudeste e sul do territ\u00f3rio nacional.<\/span><\/p>\n<p class=\"p3\"><span class=\"s1\">Conta com uma frota pr\u00f3pria exclusiva no transporte do Farelo do Trigo e profissionais qualificados. <\/span><\/p>\n<p class=\"p5\"><span class=\"s1\">Al\u00e9m disso, a empresa tamb\u00e9m oferece o servi\u00e7o de frete. <\/span><\/p>\n<p class=\"p3\"><span class=\"s1\">Para maiores informa\u00e7\u00f5es preencha o <a href=\"https:\/\/farelinho.com.br\/index.php\/contato\/\">nosso cadastro<\/a>, ou envie e-mail para:<span class=\"Apple-converted-space\">\u00a0 <\/span><a href=\"mailto:mkt@translord.com.br\"><span class=\"s2\">mkt@translord.com.br<\/span><\/a><\/span><\/p>\n\n\t\t<style type=\"text\/css\">\n\t\t\t#gallery-1 {\n\t\t\t\tmargin: auto;\n\t\t\t}\n\t\t\t#gallery-1 .gallery-item {\n\t\t\t\tfloat: left;\n\t\t\t\tmargin-top: 10px;\n\t\t\t\ttext-align: center;\n\t\t\t\twidth: 33%;\n\t\t\t}\n\t\t\t#gallery-1 img {\n\t\t\t\tborder: 2px solid #cfcfcf;\n\t\t\t}\n\t\t\t#gallery-1 .gallery-caption {\n\t\t\t\tmargin-left: 0;\n\t\t\t}\n\t\t\t\/* see gallery_shortcode() in wp-includes\/media.php *\/\n\t\t<\/style>\n\t\t<div id='gallery-1' class='gallery galleryid-17 gallery-columns-3 gallery-size-large'><dl class='gallery-item'>\n\t\t\t<dt class='gallery-icon landscape'>\n\t\t\t\t<a href='https:\/\/farelinho.com.br\/wp-content\/uploads\/2016\/04\/FROTA1.jpg'><img width=\"634\" height=\"357\" src=\"https:\/\/farelinho.com.br\/wp-content\/uploads\/2016\/04\/FROTA1-1024x576.jpg\" class=\"attachment-large size-large\" alt=\"\" decoding=\"async\" loading=\"lazy\" srcset=\"https:\/\/farelinho.com.br\/wp-content\/uploads\/2016\/04\/FROTA1-1024x576.jpg 1024w, https:\/\/farelinho.com.br\/wp-content\/uploads\/2016\/04\/FROTA1-300x169.jpg 300w, https:\/\/farelinho.com.br\/wp-content\/uploads\/2016\/04\/FROTA1-768x432.jpg 768w, https:\/\/farelinho.com.br\/wp-content\/uploads\/2016\/04\/FROTA1.jpg 1520w\" sizes=\"(max-width: 634px) 100vw, 634px\" \/><\/a>\n\t\t\t<\/dt><\/dl><dl class='gallery-item'>\n\t\t\t<dt class='gallery-icon landscape'>\n\t\t\t\t<a href='https:\/\/farelinho.com.br\/wp-content\/uploads\/2016\/04\/FROTA2.jpg'><img width=\"634\" height=\"357\" src=\"https:\/\/farelinho.com.br\/wp-content\/uploads\/2016\/04\/FROTA2-1024x576.jpg\" class=\"attachment-large size-large\" alt=\"\" decoding=\"async\" loading=\"lazy\" srcset=\"https:\/\/farelinho.com.br\/wp-content\/uploads\/2016\/04\/FROTA2-1024x576.jpg 1024w, https:\/\/farelinho.com.br\/wp-content\/uploads\/2016\/04\/FROTA2-300x169.jpg 300w, https:\/\/farelinho.com.br\/wp-content\/uploads\/2016\/04\/FROTA2-768x432.jpg 768w, https:\/\/farelinho.com.br\/wp-content\/uploads\/2016\/04\/FROTA2.jpg 1525w\" sizes=\"(max-width: 634px) 100vw, 634px\" \/><\/a>\n\t\t\t<\/dt><\/dl><dl class='gallery-item'>\n\t\t\t<dt class='gallery-icon landscape'>\n\t\t\t\t<a href='https:\/\/farelinho.com.br\/wp-content\/uploads\/2016\/04\/FROTA3.jpg'><img width=\"634\" height=\"357\" src=\"https:\/\/farelinho.com.br\/wp-content\/uploads\/2016\/04\/FROTA3-1024x576.jpg\" class=\"attachment-large size-large\" alt=\"\" decoding=\"async\" loading=\"lazy\" srcset=\"https:\/\/farelinho.com.br\/wp-content\/uploads\/2016\/04\/FROTA3-1024x576.jpg 1024w, https:\/\/farelinho.com.br\/wp-content\/uploads\/2016\/04\/FROTA3-300x169.jpg 300w, https:\/\/farelinho.com.br\/wp-content\/uploads\/2016\/04\/FROTA3-768x432.jpg 768w, https:\/\/farelinho.com.br\/wp-content\/uploads\/2016\/04\/FROTA3.jpg 1499w\" sizes=\"(max-width: 634px) 100vw, 634px\" \/><\/a>\n\t\t\t<\/dt><\/dl><br style=\"clear: both\" \/><dl class='gallery-item'>\n\t\t\t<dt class='gallery-icon landscape'>\n\t\t\t\t<a href='https:\/\/farelinho.com.br\/wp-content\/uploads\/2016\/04\/FROTA4.jpg'><img width=\"634\" height=\"357\" src=\"https:\/\/farelinho.com.br\/wp-content\/uploads\/2016\/04\/FROTA4-1024x576.jpg\" class=\"attachment-large size-large\" alt=\"\" decoding=\"async\" loading=\"lazy\" srcset=\"https:\/\/farelinho.com.br\/wp-content\/uploads\/2016\/04\/FROTA4-1024x576.jpg 1024w, https:\/\/farelinho.com.br\/wp-content\/uploads\/2016\/04\/FROTA4-300x169.jpg 300w, https:\/\/farelinho.com.br\/wp-content\/uploads\/2016\/04\/FROTA4-768x432.jpg 768w, https:\/\/farelinho.com.br\/wp-content\/uploads\/2016\/04\/FROTA4.jpg 1600w\" sizes=\"(max-width: 634px) 100vw, 634px\" \/><\/a>\n\t\t\t<\/dt><\/dl>\n\t\t\t<br style='clear: both' \/>\n\t\t<\/div>\n\n","protected":false},"excerpt":{"rendered":"<p>Translord Transportes Atuando no mercado log\u00edstico desde 1987, a Translord Transportes \u00e9 uma empresa nacional que atua na regi\u00e3o sudeste e sul do territ\u00f3rio nacional. Conta com uma frota pr\u00f3pria exclusiva no transporte do Farelo do Trigo e profissionais qualificados. Al\u00e9m disso, a empresa tamb\u00e9m oferece o servi\u00e7o de frete. Para maiores informa\u00e7\u00f5es preencha o [&hellip;]<\/p>\n","protected":false},"author":1,"featured_media":0,"parent":0,"menu_order":0,"comment_status":"closed","ping_status":"closed","template":"page-full_width.php","meta":{"footnotes":""},"_links":{"self":[{"href":"https:\/\/farelinho.com.br\/index.php\/wp-json\/wp\/v2\/pages\/17"}],"collection":[{"href":"https:\/\/farelinho.com.br\/index.php\/wp-json\/wp\/v2\/pages"}],"about":[{"href":"https:\/\/farelinho.com.br\/index.php\/wp-json\/wp\/v2\/types\/page"}],"author":[{"embeddable":true,"href":"https:\/\/farelinho.com.br\/index.php\/wp-json\/wp\/v2\/users\/1"}],"replies":[{"embeddable":true,"href":"https:\/\/farelinho.com.br\/index.php\/wp-json\/wp\/v2\/comments?post=17"}],"version-history":[{"count":5,"href":"https:\/\/farelinho.com.br\/index.php\/wp-json\/wp\/v2\/pages\/17\/revisions"}],"predecessor-version":[{"id":39,"href":"https:\/\/farelinho.com.br\/index.php\/wp-json\/wp\/v2\/pages\/17\/revisions\/39"}],"wp:attachment":[{"href":"https:\/\/farelinho.com.br\/index.php\/wp-json\/wp\/v2\/media?parent=17"}],"curies":[{"name":"wp","href":"https:\/\/api.w.org\/{rel}","templated":true}]}}